ve of b**2 + 4*b + 96. Let l(u) = -u**2 + 7*u - 4. Let f be l(5). Suppose 0 = -f*w + 4*w - 8. Determine t(w).
-4
Suppose s = -3*s + 8. Suppose s*i = 6 - 18. Let p(d) = d. Let y(u) = -7*u - 2. Let f(j) = -6*p(j) - y(j). Calculate f(i).
-4
Let f(c) = -c + 37. Let x = 2146 + -2130. Calculate f(x).
21
Let p(u) = u**3 - u**2 - u - 6. Let k be (4/((-24)/(-27)))/((-2)/(-4)). Suppose -h = 4*s - 20, -5*h + k = 2*s - 1. Determine p(h).
-6
Let k(w) = -2*w + 5*w**2 + 4*w**2 + 0*w**2 - 11*w**2 + 1. Let l(g) = g + 5. Let o be l(-3). Suppose -4*t = o + 6. Determine k(t).
-3
Let c(b) = -b**3 + 9*b**2 - 8*b - 5. Let l be c(8). Let d be 4/5 - (0 + (-44)/l). Let h(s) = s**2 + 6*s - 10. Determine h(d).
6
Let i(a) = a**3 + 3*a**2 - 5*a - 2. Let b(n) = -4*n - 56. Let k be b(-13). What is i(k)?
2
Let a = 26 + -22. Suppose -4 = -p - q - 3, 0 = 2*p + a*q. Let i(f) = 7*f**2 - 3*f + 2. Let o(g) = 3*g**2 - g + 1. Let v(s) = 2*i(s) - 5*o(s). Determine v(p).
-7
Let h(s) be the third derivative of -s**7/5040 - s**6/120 + s**5/20 - 6*s**2. Let d(b) be the third derivative of h(b). Determine d(-5).
-1
Let n be 4/(-3 - 2*-2). Suppose n*o = -o + 10. Let s(v) be the first derivative of 2*v**2 + v - 5. Calculate s(o).
9
Let f = 5 + -7. Let o(t) be the first derivative of -t**4/4 - 4*t**3/3 - t - 42. Determine o(f).
-9
Let w(i) = i**2 + 17*i + 19. Suppose 15*x = -37*x - 780. Give w(x).
-11
Let t(v) be the second derivative of 8*v**3/3 + v - 6. Determine t(-1).
-16
Let q(d) = 2*d**2 + 13*d + 4. Let n be 2926/(-594) + (-145)/135 + 1. Calculate q(n).
-11
Let x(m) = -6*m**2 + 5*m. Let q(h) = h - h + h - 2*h + h**2. Let y(i) = -4*q(i) - x(i). Calculate y(2).
6
Let n be 1*(-2)/((-32)/(-4))*8. Let h(v) = 3*v + 5. Calculate h(n).
-1
Let u be 276/506 + 76/22. Let g(i) = -3*i + 11. Give g(u).
-1
Suppose 0 = -44*p + 45*p. Let g(d) = d - 34. Give g(p).
-34
Let p(b) be the first derivative of -b**3/3 + 5*b**2/2 + 10*b + 438. Determine p(8).
-14
Let f(p) = p + 1. Let b(g) = -8*g - 13. Let r be 44/(-8) - (-4)/(-8)*-1. Let l(n) = r*f(n) - b(n). Calculate l(-7).
-13
Let j(i) = i + 6. Let o(y) = -y - 3. Let v(m) = 3*j(m) + 7*o(m). Let x be v(-2). Let h(u) = -u + 1 - 4 + 10. Determine h(x).
2
Let k(a) = -16*a**3 - 1 - 6*a**2 - 24 + 4*a + 30. Let w(f) = -33*f**3 - 13*f**2 + 9*f + 11. Let y(r) = 9*k(r) - 4*w(r). Calculate y(-1).
11
Let v(m) = -7*m**2 + m + 1. Suppose -7 = -20*s - 27. Determine v(s).
-7
Let s(j) = -j**2 + 0*j**2 + 4*j**3 - 2*j - 3 + 2. Suppose 3*h - 5*c = 6, -4*c = -5*h - 9*c + 10. Let b be 3 - ((h - 1) + 3). Give s(b).
-4
Suppose -2*l + 19 - 18 = x, 3*l = -2*x + 6. Let g(m) = m**3 - 8*m**2 - 10*m + 8. What is g(x)?
-1
Let t(c) be the second derivative of -c**3/6 + 3*c**2/2 - 376*c. Suppose 3*p - 3*r = -4*r - 12, -3*p - 4*r - 12 = 0. What is t(p)?
7
Let h(n) = -n**3 + n**2 - 5*n - 2. Let c be 18*4/(-16)*4/6. Calculate h(c).
49
Let o(k) = k + 8. Let p be o(-5). Suppose 0 = 5*r + 5*y - 3*y - 2, 0 = 3*r + y - 2. Let j(i) = i**2 - 3 + 4*i + i + r - 8*i. What is j(p)?
-1
Let h(c) = c**3 + 9*c**2 + 10*c + 2. Let x(d) = -d**3 - 8*d**2 - 8*d - 2. Let m(s) = -3*h(s) - 4*x(s). Give m(-5).
-8
Let b(m) = -4*m + 6. Let o(q) be the first derivative of -3*q**2/2 + 4*q + 14. Let v = 8 - 1. Let y(p) = v*o(p) - 5*b(p). Calculate y(-4).
2
Let m(f) = -2*f. Let w be m(-3). Let h(i) be the first derivative of -i**3/3 + 2*i**2 - 6*i + 24. What is h(w)?
-18
Let m be (-22)/2*(1 - 2). Let n(i) = i**3 - 12*i**2 + 11*i + 4. Let c be n(m). Let t(y) = 0*y - y**2 + 5*y - c*y + 0*y. Determine t(1).
0
Let o(a) = -5 + 22*a + 14*a - 37*a. Determine o(-4).
-1
Let x = -11 + 6. Let p be (8/10)/((-10)/(-25)). Let i(f) = f - 6 - p*f - f + f. What is i(x)?
-1
Let j be (0 + 3)*2/6. Let h(c) = 8*c**3 + c**2 - 1. Let d be h(j). Let u(t) = 15*t + 3*t**2 - t - t**3 - d*t + 3 - 5. Calculate u(4).
6
Let s(r) = 10*r**2 + 2*r - 1. Suppose 0 = u + 3*u - 24. Let g be u/(-8) - (-94)/8. Suppose -q = -4*d + g, 0 = -4*q - 5*d - 2 + 21. What is s(q)?
11
Suppose -4*m + 2*q + 8 = 0, -q = -2*m - 3*m + 7. Let b(p) = 2*p**3 - p**2 + p. Calculate b(m).
2
Let j(t) = -t**3 + 3*t**2 - 2*t + 2. Let i(p) = -2*p**3 + p**2 - p + 12. Let x be i(0). Let c be 42/22 + x/132. Determine j(c).
2
Let k be 2/((-27)/9 - -1). Let o(d) be the second derivative of 17*d**5/60 - d**3/6 + d**2/2 - d. Let w(x) be the first derivative of o(x). Determine w(k).
16
Let s(z) = -z**2 + 10*z + 6. Let u be s(8). Let d = u + -23. Let b(w) = -2*w**2 - 1. What is b(d)?
-3
Let w(j) be the second derivative of -j**3/6 - j**2/2 + j. Suppose -5*x - 12 = -9*x. Let g be 6 + x*(-2)/2. What is w(g)?
-4
Let q = -222 + 222. Let u(x) = -x**3 + x**2 + x. What is u(q)?
0
Let f = -1 + 7. Let h = 29 + -21. Let o(n) = -1 + 1 - n**3 - h*n**2 + 13*n**2 + 6*n + 7. What is o(f)?
7
Let r(o) = -o - 1. Let l(f) = f**3 - f + 15. Let c be l(0). Let b be (-6)/(-15) + (-186)/c. Let s be 16/(-6) + (-8)/b. Determine r(s).
1
Suppose 3*s + 4*v - 22 = 0, -3*v + 8 + 4 = 0. Let w(l) = -5*l**2 + 0*l**2 + 8*l + 4*l**s - 4 - 2*l. What is w(4)?
4
Let v be (-5 - -6)/((-5)/(-20)). Suppose -26*p = -24*p - v. Let c(f) = 6*f. Calculate c(p).
12
Let t(z) be the first derivative of -z**2/2 + 107. Determine t(4).
-4
Let v be 3 - (-292)/(-6)*(-12)/(-8). Let i = -64 - v. Let r(k) = -5 + 4*k**3 - 2*k**3 + 7*k**2 - 4*k - 3*k**3. What is r(i)?
7
Let o be (8 - 9)*(0 - 6). Let v(s) = o*s - 1 + 0 + 1. Give v(-1).
-6
Let l(o) = 2*o**2 + 4*o + 1. Suppose -4*j + 3 = -9. Let i be (-7)/(14/12) + j. Let p be l(i). Let d(w) = w + 2. Calculate d(p).
9
Suppose 2*x - i - 15 + 23 = 0, -x + 5*i + 5 = 0. Let n(j) = -j**3 - 4*j**2 + 5*j + 5. Calculate n(x).
5
Let q(g) = g**3 - 8*g**2 - 10*g + 10. Suppose -4*p - 2*t - 30 = 0, -2*p + p + 3*t + 10 = 0. Let h be (-117)/65*p*1. Give q(h).
1
Let b(o) = 3*o**3 + 3*o**2 - o - 2. Suppose -1 = 3*j - 10. Let c = j + -7. Let z = c + 2. Determine b(z).
-12
Let u(l) = 8*l**3 + 2*l**2 + 7*l. Let j(n) = 13*n**3 + 3*n**2 + 11*n. Let x(i) = -5*j(i) + 8*u(i). What is x(2)?
-2
Let c be ((-2)/(-4))/((-8)/(-112)). Let j be -3*c/(-3) + -1. Suppose -2*a = -j*a - 16. Let m(d) = d**3 + 4*d**2 - 3. Calculate m(a).
-3
Let g(n) = -62 - 6*n**2 - 52 - n**3 + 3*n**2 + n**2 + 109 + 3*n. Let l = 3 - 7. Calculate g(l).
15
Suppose -2*g + 12 = 4*g. Suppose 3*t = -s + 6, 3*s + s + g*t = 4. Let l(b) = -b + 6 - 1 - 3 + 0*b. What is l(s)?
2
Let h be -3 - 4/8*-2. Let v be 15/6 - h/4. Let c(a) = 3*a - 4. Let t be c(v). Let m(p) = -p**3 + 6*p**2 - 4*p - 4. Determine m(t).
1
Let s = -11 + 19. Let z(g) = 13279*g - 6636*g - 8 - 6642*g. What is z(s)?
0
Let d(m) = 2*m + 5. Suppose -19 = -2*o + 1. Let j be -1*(-1)/(-5)*0. Suppose y + j*l - 5 = 2*l, -y - o = l. What is d(y)?
-5
Let i be 11 + ((-4)/(-1))/(-1). Let o(f) = 10*f - i*f - 4*f - 7 - 7*f**2 - f**3 + 0*f. Calculate o(-7).
0
Let t(a) be the second derivative of -a**5/10 - a**4/6 - a**2 + a. Let r be t(-2). Let p(b) = -6 + 8 + 2*b + b**2 + b - r*b. Give p(2).
0
Let h(i) be the first derivative of i**4/4 - 4*i**3/3 + 5*i + 185. Calculate h(3).
-4
Suppose 24 = -4*y - 3*l, -2*y - 5*l - 30 = 3*y. Let s(t) = t**3 + 5*t**2 - 9*t - 13. Let z be s(y). Let i(b) = b - 4. Give i(z).
1
Suppose 331*n = 324*n + 21. Let w(q) be the third derivative of -q**3 + 0 + 1/12*q**4 + n*q**2 + 0*q. Calculate w(5).
4
Let t = 302 - 307. Let c(w) be the third derivative of 0 + 1/12*w**4 - 1/3*w**3 + w**2 + 0*w. Give c(t).
-12
Let y(r) be the third derivative of 1/24*r**5 + 0*r + 0 - 1/12*r**4 - 4*r**2 - 1/360*r**6 - 2/3*r**3. Let n(k) be the first derivative of y(k). What is n(5)?
-2
Let w(q) = -q - 1. Let t(z) = z**2 + 4. Let b(g) = t(g) + 4*w(g). Let n = 10 + -5. What is b(n)?
5
Let k(t) = -3 - t + 2 + 6. Let g(j) = -2*j + 11. Let r(i) = -4*g(i) + 9*k(i). Suppose 5*h + 14 = -11. Calculate r(h).
6
Suppose 0*g - 78 = 5*g - 3*d, -2 = -g + 5*d. Let y be 10/45 - 68/g. Let t(j) = -34*j**2 - 31*j**2 + 64*j**2 + 4 + 4*j. Determine t(y).
4
Let w be 64/14 + 78/182. Let u(l) = w*l - 10*l + 1 + 26*l. Determine u(-1).
-20
Let q(n) be the second derivative of 0*n**3 + 1/720*n**6 + 0*n**2 + 3*n + 0 - 1/6*n**4 - 1/40*n**5. Let t(a) be the third derivative of q(a). Give t(3).
0
Let f(m) = 1099*m - 1 + 4 - 1101*m. Give f(-2).
7
Suppose 0 = 4*t + 3*n, -26*t = -25*t - 4*n. Suppose 5*y + i = 6, -2 = y + 4*y + 3*i. Let b(g) = -6 + y*g